y(2). Suppose -4*j - f = -j. What is the tens digit of -17*j/(-6)*-2?
1
Let t(b) = 30*b**2 + 49*b + 255. What is the units digit of t(-5)?
0
What is the hundreds digit of ((-615)/(-6) + 2)*(-6)/(-1)?
6
Suppose 5*i - 2*r = 2055, 4*i = -3*r + 1322 + 345. What is the tens digit of i?
1
Let l(u) = 2*u + 6. Let j(m) = -4*m + 8. Let p be j(4). Let g be l(p). Let n = 8 - g. What is the units digit of n?
8
Let c = -12 + 12. Suppose c = -0*j - j. Suppose 2*s + 5*n = -0 + 36, j = -2*n - 4. What is the units digit of s?
3
Let j(h) = -h - 1. Let y be j(8). Let k be 2/y + (-2695)/(-99). Suppose k = f + 2*f. What is the units digit of f?
9
Let k(u) = -u**2 + u. Let q(g) = 6*g**2 - 16*g + 4. Let t(s) = 5*k(s) + q(s). What is the units digit of t(14)?
6
Suppose -d = -363 + 360. Suppose 0 = 5*o - 0*l + 5*l - 1115, d*l = 3. What is the units digit of o?
2
What is the units digit of (-14139 - -8)/(-13) - 2/(-2)?
8
Let d(h) = -h**3 - 5*h**2 + 6*h + 7. Let k be d(-6). Let a = 13 - k. What is the units digit of 4/a + 57/9?
7
Let y = 4472 + -2465. What is the thousands digit of y?
2
Suppose c = 3*c + 20. Let k be (-22)/55 + 56/c. What is the units digit of ((-51)/k)/(4/8)?
7
Let j be (5 - 3) + 0 + 0. Suppose -3*i = -j*x - 14, -5*i + 25 - 3 = -2*x. Let p = 2 + i. What is the units digit of p?
6
Let a(h) = 3 - 5 - 4*h + 12 + 10*h. Let n be a(-8). Let f = -13 - n. What is the tens digit of f?
2
Suppose 0 = -5*b + 4*a + 11253, -4*b - 5*a = -2*a - 9021. What is the hundreds digit of b?
2
Suppose 11*g - 10*g + 55 = 0. Let i = 151 - g. What is the units digit of i?
6
Let m(z) = 0*z + 0*z + 0*z + 54 - z. Let i be m(0). Let w = 78 - i. What is the units digit of w?
4
Let v be 2 - (2 + -3) - -67. Suppose -3*t + v = 2*t. What is the tens digit of t?
1
Suppose 2*m - 4*s = 1840, 4*m + 9*s = 5*s + 3656. What is the tens digit of m?
1
Suppose 5*v - 2275 = 5*t, t = 4*v - t - 1812. Suppose -5*f + 29 = -v. What is the units digit of f?
6
Let n be (4/20*0)/(2/1). Suppose -j - 2*h + 86 = n, -h + 3*h = 4. What is the units digit of j?
2
Suppose -4*d = -3*d - 9. Let k = 26 + d. What is the units digit of k?
5
What is the thousands digit of (812/290)/(2/865)?
1
Let k = 38 - 41. Let o(n) = -n**3 - n**2 - 3*n. What is the units digit of o(k)?
7
Let s(r) = r. Let h be s(5). What is the tens digit of (-2 - 1)/(-1)*h?
1
Let y(w) = -30*w**2 - w. Let c be y(1). Let h = -4 - c. What is the tens digit of h?
2
Let c(d) = 398*d - 15. What is the tens digit of c(3)?
7
Suppose 3*t + 0*b - 10 = -b, 0 = -2*t - 2*b. Suppose -3*p + k + 288 = -0*p, -t*k = 4*p - 384. What is the tens digit of p?
9
Let x(w) = w - 1. Let j be x(5). Suppose 24 = 2*n - j*y, 5*n + y = 4*y + 25. Suppose -v - v + 4*k + 6 = 0, 4 = 2*v - n*k. What is the units digit of v?
1
Suppose -3*f + 23 = -m, -5*m - 64 = 5*f - 3*f. What is the units digit of (2 - m/(-6)) + (-1004)/(-6)?
7
Let o(j) = j**3 + 16*j**2 - 40*j - 15. What is the units digit of o(-17)?
6
Suppose 5*k = -t + 1823, -4*k - 4868 = -5*t + 4305. What is the units digit of t?
3
Suppose 12 = -2*w - 8. Let m = w + 16. What is the units digit of m?
6
Suppose 0 = -5*i - 10, 0*i - 5*i + 38 = 4*m. Let n = m + -20. What is the units digit of ((-42)/n)/((-3)/(-8))?
4
Let q = 565 + -153. Suppose 0 = 3*p + p + 4*h - q, -2*h = -p + 109. What is the units digit of p?
5
Let i be ((-2)/4)/((-2)/76). Suppose 3*t + i = -32. Let c = -4 - t. What is the tens digit of c?
1
Let j be ((-60)/(-105))/((-4)/(-14)). Let r(l) = l**3 + 5*l**2 - 8*l - 9. Let y be r(-6). Suppose y*o = -j + 65. What is the tens digit of o?
2
Suppose -4*t = k - 1087, 0 = 3*k - 8*k - 5*t + 5390. What is the hundreds digit of k?
0
Suppose 0 = -3*b - 2*z + 6, -4*b = -4*z + z - 8. Suppose -3 = -n + 2. Suppose -t = -p - p + 1, n*t - 27 = b*p. What is the units digit of t?
7
What is the tens digit of 4539 - (-8 - -16) - 12?
1
Let f(l) = -l**3 - 8*l**2 - 7*l + 6. Let h be f(-8). What is the tens digit of h - (1 - (2 + -3))?
6
Suppose -5*l = -3*s + 1515, -7*s - l = -3*s - 2020. Suppose 25*a - s = 20*a. What is the hundreds digit of a?
1
Suppose 36 = -0*t + 2*t - 4*y, y = 2*t - 30. What is the units digit of (6 - (-1 - -3))/(t/63)?
8
Let g(x) = 4*x - 18. Let d be g(9). Let h(z) = 3*z + d + 3*z - 2*z - 10. What is the tens digit of h(4)?
2
Suppose -4*p - 2*y + 40 = -196, -p - 5*y = -68. Let s = -7 + p. Let w = s + -30. What is the tens digit of w?
2
Suppose -z + 28 = 3*z. Let x = z - 24. Let o = 23 + x. What is the units digit of o?
6
Let w(g) = -21*g + 151. What is the hundreds digit of w(-32)?
8
Let x = -1721 + 2899. What is the thousands digit of x?
1
Let o(i) = -2*i**3 + 8*i**2 - 6*i - 3. Let l be o(3). What is the hundreds digit of (l - 2)*112/(-4)?
1
Let i(h) = 46*h**2 - 2*h + 4. Let u be i(4). Suppose u = 4*w - 5*q, 5*q + 0*q = 3*w - 549. What is the tens digit of w?
8
Suppose 3*w = 5*w + 5*s + 26, 4*w + 3*s = -38. Let q(l) = -l**3 - 8*l**2 + 2*l + 9. Let n be q(w). What is the units digit of 2/n + 340/14?
4
Let t be ((-12)/(-16))/((-3)/436). Let q be 2/8 + 683/4. Let x = t + q. What is the tens digit of x?
6
Suppose 0 = -3*a + 2*n + 30 - 4, 2*a + 4*n - 28 = 0. What is the units digit of a?
0
Suppose -4*o - 5*q + 1308 = -0*q, -3*q = -4*o + 1276. What is the units digit of o?
2
Let d = 0 - -4. Suppose -6 - 50 = -d*k. Suppose 6*s - 4*s - k = 0. What is the units digit of s?
7
Suppose -h + 15 = h - 3*u, 0 = 3*h - 3*u - 30. Let i = h - 13. What is the units digit of (11/33)/(i/102)?
7
What is the hundreds digit of 6257 + (-6)/(-18)*-12?
2
Let n = 579 - 349. Suppose 2*l - n = 4*l. What is the units digit of 2 - (1 - l)/(-4)?
1
Suppose -7*n + 47320 = 13*n. What is the thousands digit of n?
2
Suppose 21 = 4*t - t. Suppose -10*i + 6 = -t*i. Suppose b - 2*b + 28 = -2*v, -i*b = 3*v - 70. What is the units digit of b?
2
Let u = -27 - -109. Let v = -49 + u. What is the tens digit of v?
3
Suppose 166 = 2*b + 2*u, 4*b - 4*u - 332 = -6*u. Let t = b + -53. What is the units digit of t?
0
Let o(c) = -2*c**2 + 9*c - 14. Let d be o(5). Let q = d + 21. Suppose -2*u - q*u = -z - 78, 5*z = 3*u - 67. What is the tens digit of u?
1
Suppose -1514 = -4*m + 4*d - 142, -2*d = 6. What is the units digit of m?
0
Suppose 0 = 9*k - 14*k + 10. Let u be (-10)/20 - (-5)/k. Suppose 0 = -u*h - 2*h + 188. What is the tens digit of h?
4
Let g be 0/(((-8)/(-2))/2). Suppose 5*y = -g + 20. Let z = y + 2. What is the units digit of z?
6
Let h(p) = p**2 + 15*p + 14. Let q be h(-14). Let i(a) = -5*a + 66. What is the tens digit of i(q)?
6
Let h be ((-9)/15)/(3/(-15)). Suppose 50 = -h*p - 13. Let g = -6 - p. What is the tens digit of g?
1
Let o = -2171 - -2369. What is the units digit of o?
8
Suppose -9*y + 253 + 89 = 0. Suppose -7*s + 81 = -y. What is the units digit of s?
7
Suppose -3569 = -4*n - 5*p, 3*p = -6*n + 3*n + 2676. What is the tens digit of n?
9
Suppose -4*o = -31 - 117. Suppose -4 = x - 52. Suppose 5*u - o - x = 0. What is the tens digit of u?
1
Let s = -868 + 1361. What is the hundreds digit of s?
4
Let g = 1099 - 110. What is the units digit of g?
9
What is the thousands digit of (-1 - -2) + 1 + 1154?
1
Let n = 3 - -2. Suppose -3*t = 2*f - 96, 10 = f + n*t - 45. What is the units digit of f?
5
Let s be (-975)/(-30) + (-2)/4. Suppose 3*m + 28 = 4*w, -5*w - m + 4*m = -s. Suppose -w*g + 520 = 4*g. What is the units digit of g?
5
Suppose 0 = 37*u - 173100 + 35756. What is the units digit of u?
2
Suppose 4*l + 5*f = -119, -f - 124 = 4*l + 3*f. Let x = -15 - l. Suppose 6*o = 4*o + g + x, -4*o + 5*g = -33. What is the units digit of o?
2
What is the tens digit of (-214)/321 - ((-2176)/6 + -2)?
6
Suppose 8*l - 354 = 1870. What is the tens digit of l?
7
What is the tens digit of -3*(-3 - -4) + 556?
5
Let y(t) = 23*t**2 - 7*t - 5. What is the units digit of y(-2)?
1
What is the hundreds digit of -2 - -6 - (-658 - -6)?
6
Let d = -26 + 28. Suppose -6*r + d*r + 204 = 0. What is the tens digit of r?
5
Let x(l) = -l**3 - 10*l**2 - 2*l + 13. Let m = 18 - 21. Let o(u) = -3*u**3 - 30*u**2 - 7*u + 38. Let p(v) = m*o(v) + 8*x(v). What is the tens digit of p(-9)?
2
Let l(s) = 13*s + 2*s + 4 - 8. Let p(a) = 30*a - 7. Let k(f) = 7*l(f) - 4*p(f). What is the units digit of k(-3)?
5
Suppose 0 = -8*h + 9*h. Let o(b) = -1 - 3 + 5 + h*b + 8*b. What is the units digit of o(1)?
9
